{"id":5,"date":"2014-08-09T15:18:37","date_gmt":"2014-08-09T13:18:37","guid":{"rendered":"http:\/\/www.afyoncandiyaliz.com\/?page_id=5"},"modified":"2014-10-12T20:00:26","modified_gmt":"2014-10-12T18:00:26","slug":"afyon-can-diyaliz-merkezi","status":"publish","type":"page","link":"https:\/\/www.afyoncandiyaliz.com\/","title":{"rendered":"Afyon Can Diyaliz Merkezi"},"content":{"rendered":"<p><img loading=\"lazy\" decoding=\"async\" class=\"alignleft wp-image-180 size-full\" src=\"http:\/\/www.afyoncandiyaliz.com\/wp-content\/uploads\/2014\/08\/png.png\" alt=\"png\" width=\"350\" height=\"60\" srcset=\"https:\/\/www.afyoncandiyaliz.com\/wp-content\/uploads\/2014\/08\/png.png 350w, https:\/\/www.afyoncandiyaliz.com\/wp-content\/uploads\/2014\/08\/png-300x51.png 300w\" sizes=\"auto, (max-width: 350px) 100vw, 350px\" \/><\/p>\n<p>Afyoncan Diyaliz Hizmetleri Anonim \u015eirketi\u2019nin kurulu\u015fu olan \u00d6ZEL AFYONCAN D\u0130YAL\u0130Z MERKEZ\u0130; 2005 Y\u0131l\u0131ndan bug\u00fcne Sel\u00e7uklu Mahallesi Atat\u00fcrk Caddesi No:16 Merkez\/AFYONKARAH\u0130SAR adresinde faaliyet g\u00f6stermektedir.<\/p>\n<a href=\"http:\/\/www.afyoncandiyaliz.com\/?page_id=2\" class=\"su-button su-button-style-3d\" style=\"color:#FFFFFF;background-color:#2D89EF;border-color:#246ec0;border-radius:5px\" target=\"_self\"><span style=\"color:#FFFFFF;padding:0px 16px;font-size:13px;line-height:26px;border-color:#6cadf4;border-radius:5px;text-shadow:none\"> Devam\u0131n\u0131 oku&#8230;<\/span><\/a>\n","protected":false},"excerpt":{"rendered":"<p>Afyoncan Diyaliz Hizmetleri Anonim \u015eirketi\u2019nin kurulu\u015fu olan \u00d6ZEL AFYONCAN D\u0130YAL\u0130Z MERKEZ\u0130; 2005 Y\u0131l\u0131ndan bug\u00fcne Sel\u00e7uklu Mahallesi Atat\u00fcrk Caddesi No:16 Merkez\/AFYONKARAH\u0130SAR adresinde faaliyet g\u00f6stermektedir.<\/p>\n","protected":false},"author":4,"featured_media":0,"parent":0,"menu_order":0,"comment_status":"closed","ping_status":"closed","template":"","meta":{"footnotes":""},"class_list":["post-5","page","type-page","status-publish","hentry"],"_links":{"self":[{"href":"https:\/\/www.afyoncandiyaliz.com\/index.php\/wp-json\/wp\/v2\/pages\/5","targetHints":{"allow":["GET"]}}],"collection":[{"href":"https:\/\/www.afyoncandiyaliz.com\/index.php\/wp-json\/wp\/v2\/pages"}],"about":[{"href":"https:\/\/www.afyoncandiyaliz.com\/index.php\/wp-json\/wp\/v2\/types\/page"}],"author":[{"embeddable":true,"href":"https:\/\/www.afyoncandiyaliz.com\/index.php\/wp-json\/wp\/v2\/users\/4"}],"replies":[{"embeddable":true,"href":"https:\/\/www.afyoncandiyaliz.com\/index.php\/wp-json\/wp\/v2\/comments?post=5"}],"version-history":[{"count":12,"href":"https:\/\/www.afyoncandiyaliz.com\/index.php\/wp-json\/wp\/v2\/pages\/5\/revisions"}],"predecessor-version":[{"id":279,"href":"https:\/\/www.afyoncandiyaliz.com\/index.php\/wp-json\/wp\/v2\/pages\/5\/revisions\/279"}],"wp:attachment":[{"href":"https:\/\/www.afyoncandiyaliz.com\/index.php\/wp-json\/wp\/v2\/media?parent=5"}],"curies":[{"name":"wp","href":"https:\/\/api.w.org\/{rel}","templated":true}]}}