{"id":245,"date":"2022-11-15T10:43:21","date_gmt":"2022-11-15T08:43:21","guid":{"rendered":"https:\/\/www.afyoncandiyaliz.com\/?page_id=245"},"modified":"2022-11-16T09:01:34","modified_gmt":"2022-11-16T07:01:34","slug":"doktorlarimiz","status":"publish","type":"page","link":"https:\/\/www.afyoncandiyaliz.com\/index.php\/doktorlarimiz","title":{"rendered":"DOKTORLARIMIZ"},"content":{"rendered":"\n<figure class=\"wp-block-image size-large\"><img loading=\"lazy\" decoding=\"async\" width=\"1024\" height=\"765\" src=\"http:\/\/www.afyoncandiyaliz.com\/wp-content\/uploads\/2014\/08\/AFYONCAN-DIYALIZ-17-1024x765.jpg\" alt=\"\" class=\"wp-image-213\" srcset=\"https:\/\/www.afyoncandiyaliz.com\/wp-content\/uploads\/2014\/08\/AFYONCAN-DIYALIZ-17-1024x765.jpg 1024w, https:\/\/www.afyoncandiyaliz.com\/wp-content\/uploads\/2014\/08\/AFYONCAN-DIYALIZ-17-300x224.jpg 300w, https:\/\/www.afyoncandiyaliz.com\/wp-content\/uploads\/2014\/08\/AFYONCAN-DIYALIZ-17.jpg 1028w\" sizes=\"auto, (max-width: 1024px) 100vw, 1024px\" \/><figcaption class=\"wp-element-caption\">Sorumlu Hekim ( Mesul M\u00fcd\u00fcr ) :  Dr Abd\u00fclkadir ER\u00c7OLAK<\/figcaption><\/figure>\n\n\n\n<figure class=\"wp-block-image size-large\"><img loading=\"lazy\" decoding=\"async\" width=\"1024\" height=\"765\" src=\"http:\/\/www.afyoncandiyaliz.com\/wp-content\/uploads\/2014\/08\/AFYONCAN-DIYALIZ-15-1024x765.jpg\" alt=\"\" class=\"wp-image-211\" srcset=\"https:\/\/www.afyoncandiyaliz.com\/wp-content\/uploads\/2014\/08\/AFYONCAN-DIYALIZ-15-1024x765.jpg 1024w, https:\/\/www.afyoncandiyaliz.com\/wp-content\/uploads\/2014\/08\/AFYONCAN-DIYALIZ-15-300x224.jpg 300w, https:\/\/www.afyoncandiyaliz.com\/wp-content\/uploads\/2014\/08\/AFYONCAN-DIYALIZ-15.jpg 1028w\" sizes=\"auto, (max-width: 1024px) 100vw, 1024px\" \/><figcaption class=\"wp-element-caption\">Sorumlu Uzman Hekim : \u0130\u00e7 Hst. Uzm. Dr. Hasan ALTUN<\/figcaption><\/figure>\n","protected":false},"excerpt":{"rendered":"","protected":false},"author":6,"featured_media":0,"parent":0,"menu_order":0,"comment_status":"closed","ping_status":"closed","template":"","meta":{"footnotes":""},"class_list":["post-245","page","type-page","status-publish","hentry"],"_links":{"self":[{"href":"https:\/\/www.afyoncandiyaliz.com\/index.php\/wp-json\/wp\/v2\/pages\/245","targetHints":{"allow":["GET"]}}],"collection":[{"href":"https:\/\/www.afyoncandiyaliz.com\/index.php\/wp-json\/wp\/v2\/pages"}],"about":[{"href":"https:\/\/www.afyoncandiyaliz.com\/index.php\/wp-json\/wp\/v2\/types\/page"}],"author":[{"embeddable":true,"href":"https:\/\/www.afyoncandiyaliz.com\/index.php\/wp-json\/wp\/v2\/users\/6"}],"replies":[{"embeddable":true,"href":"https:\/\/www.afyoncandiyaliz.com\/index.php\/wp-json\/wp\/v2\/comments?post=245"}],"version-history":[{"count":3,"href":"https:\/\/www.afyoncandiyaliz.com\/index.php\/wp-json\/wp\/v2\/pages\/245\/revisions"}],"predecessor-version":[{"id":251,"href":"https:\/\/www.afyoncandiyaliz.com\/index.php\/wp-json\/wp\/v2\/pages\/245\/revisions\/251"}],"wp:attachment":[{"href":"https:\/\/www.afyoncandiyaliz.com\/index.php\/wp-json\/wp\/v2\/media?parent=245"}],"curies":[{"name":"wp","href":"https:\/\/api.w.org\/{rel}","templated":true}]}}