{"id":2,"date":"2014-05-09T04:35:09","date_gmt":"2014-05-09T04:35:09","guid":{"rendered":"http:\/\/www.afyoncandiyaliz.com\/?page_id=2"},"modified":"2014-08-29T22:02:20","modified_gmt":"2014-08-29T20:02:20","slug":"hakkimizda","status":"publish","type":"page","link":"https:\/\/www.afyoncandiyaliz.com\/index.php\/hakkimizda","title":{"rendered":"Hakk\u0131m\u0131zda"},"content":{"rendered":"<p><strong>Afyoncan Diyaliz Hizmetleri Anonim \u015eirketi<\/strong>\u2019nin kurulu\u015fu olan <strong>\u00d6ZEL AFYONCAN D\u0130YAL\u0130Z MERKEZ\u0130<\/strong>; 2005 Y\u0131l\u0131ndan bug\u00fcne Sel\u00e7uklu Mahallesi Atat\u00fcrk Caddesi No:16 Merkez\/AFYONKARAH\u0130SAR adresinde faaliyet g\u00f6stermektedir.<\/p>\n<p>Diyaliz hususunda; deneyimli Uzman Hekim ve Hem\u015fire kadrolar\u0131 \u00e7al\u0131\u015fmakta olup, en son teknolojik cihazlar\u0131m\u0131zla hastalar\u0131m\u0131za hizmet vermekteyiz.<br \/>\nDiyaliz Merkezimizde; 30+1 yedek Fresenius 4008 S marka Hemodiyaliz Cihaz\u0131 ve Fresenius marka Su Sistemi kullanmaktad\u0131r.<\/p>\n","protected":false},"excerpt":{"rendered":"<p>Afyoncan Diyaliz Hizmetleri Anonim \u015eirketi\u2019nin kurulu\u015fu olan \u00d6ZEL AFYONCAN D\u0130YAL\u0130Z MERKEZ\u0130; 2005 Y\u0131l\u0131ndan bug\u00fcne Sel\u00e7uklu Mahallesi Atat\u00fcrk Caddesi No:16 Merkez\/AFYONKARAH\u0130SAR adresinde faaliyet g\u00f6stermektedir. Diyaliz hususunda; deneyimli Uzman Hekim ve Hem\u015fire kadrolar\u0131 \u00e7al\u0131\u015fmakta olup, en son teknolojik cihazlar\u0131m\u0131zla hastalar\u0131m\u0131za hizmet vermekteyiz. Diyaliz Merkezimizde; 30+1 yedek Fresenius 4008 S marka Hemodiyaliz Cihaz\u0131 ve Fresenius marka Su Sistemi [&hellip;]<\/p>\n","protected":false},"author":4,"featured_media":0,"parent":0,"menu_order":0,"comment_status":"closed","ping_status":"closed","template":"","meta":{"footnotes":""},"class_list":["post-2","page","type-page","status-publish","hentry"],"_links":{"self":[{"href":"https:\/\/www.afyoncandiyaliz.com\/index.php\/wp-json\/wp\/v2\/pages\/2","targetHints":{"allow":["GET"]}}],"collection":[{"href":"https:\/\/www.afyoncandiyaliz.com\/index.php\/wp-json\/wp\/v2\/pages"}],"about":[{"href":"https:\/\/www.afyoncandiyaliz.com\/index.php\/wp-json\/wp\/v2\/types\/page"}],"author":[{"embeddable":true,"href":"https:\/\/www.afyoncandiyaliz.com\/index.php\/wp-json\/wp\/v2\/users\/4"}],"replies":[{"embeddable":true,"href":"https:\/\/www.afyoncandiyaliz.com\/index.php\/wp-json\/wp\/v2\/comments?post=2"}],"version-history":[{"count":4,"href":"https:\/\/www.afyoncandiyaliz.com\/index.php\/wp-json\/wp\/v2\/pages\/2\/revisions"}],"predecessor-version":[{"id":184,"href":"https:\/\/www.afyoncandiyaliz.com\/index.php\/wp-json\/wp\/v2\/pages\/2\/revisions\/184"}],"wp:attachment":[{"href":"https:\/\/www.afyoncandiyaliz.com\/index.php\/wp-json\/wp\/v2\/media?parent=2"}],"curies":[{"name":"wp","href":"https:\/\/api.w.org\/{rel}","templated":true}]}}